 i = 44 + n. What is the greatest common factor of 4 and i?
2
Let q be (1 - -13) + (-3 - -3). Let t be (-3 - -26) + (0 - 0). Let w be t - ((-15)/(-5) + -8). What is the greatest common divisor of w and q?
14
Let r = 16 + -10. Suppose 0 = 8*a - 72. Calculate the highest common factor of a and r.
3
Suppose 5*o + h + 19 = 0, -3*o + h - 21 = 2*o. Let z be (10/3)/(o/30). Let v = 48 + z. What is the highest common factor of 69 and v?
23
Let g be 420/18 - (-4)/6. Let i(f) = f**3 - 11*f**2 - 27*f - 42. Let b be i(14). What is the greatest common factor of g and b?
24
Suppose -1555 = 2*t - 5*f - 5744, -5*f = t - 2132. What is the highest common divisor of 43 and t?
43
Let x be (1/6 + 303/18)*2. Suppose 0 = t - x + 21. Calculate the highest common factor of t and 39.
13
Suppose 5*d - 845 = -5*f, -f - 18*d = -22*d - 174. Calculate the highest common factor of 272 and f.
34
Suppose 15500 = 450*h - 440*h. What is the highest common factor of 50 and h?
50
Let c(o) = -o**2 + 9*o + 134. Let d be c(16). Let s(p) = 4*p**2 - 4*p + 3. Let n be s(2). Calculate the highest common divisor of d and n.
11
Suppose -4*o = -3*g + 5*g - 62, 117 = 4*g + o. Let v(m) = -m**3 - 5*m**2 - 8*m - 9. Let l be v(-7). Calculate the highest common factor of g and l.
29
Suppose 185 + 35 = n. Let f(w) = 44 + 47*w - 26*w - 25*w. Let b be f(6). What is the highest common factor of b and n?
20
Suppose 268 + 257 = 25*x. Calculate the greatest common factor of 75 and x.
3
Let a(w) = -3*w + 16 + 14*w + w**2 + 2 - w. Let b be a(-10). Calculate the greatest common factor of 126 and b.
18
Let o be (-3 + (-345)/(-12))*4. Calculate the greatest common divisor of 2987 and o.
103
Let v = -1481 + 1509. What is the highest common divisor of v and 1036?
28
Suppose -2*g - 44 = 4*l - 6, 5*g = 4*l - 25. Let q = g + 69. What is the highest common divisor of q and 300?
60
Suppose -178 - 82 = -5*f. Calculate the highest common factor of f and 4.
4
Let m be (-8)/84 + (-1518)/(-63). What is the highest common divisor of 36 and m?
12
Suppose 3*r - n = 722, 2*r - n + 238 = 3*r. Suppose -4*s + 0*s + r = 0. Let t(v) = -4*v - 5. Let u be t(-5). What is the highest common factor of s and u?
15
Let j be 6/(-9)*(-90)/4. Suppose -3*h + 541 = 2*h + 2*u, 4*h = 2*u + 422. Let z = 242 - h. Calculate the greatest common divisor of j and z.
15
Suppose 0 = 4*n - 57 - 143. Calculate the highest common divisor of 125 and n.
25
Let y be 2 + 0 + (0 - 1)*-1. Suppose 0 = -5*h - 5*k - 0*k + 690, 393 = y*h - 4*k. Calculate the highest common divisor of h and 54.
27
Let n = -48 - -91. Let s be (3 + (-98)/4)*-10. Calculate the highest common divisor of s and n.
43
Suppose -5*r + 205 = 1570. Let x = -3 + r. Let z be (x/16)/((-6)/16). Calculate the greatest common divisor of 23 and z.
23
Let l = 201 - 195. What is the greatest common divisor of l and 5?
1
Let n be 35/(3/9*3). Calculate the highest common divisor of 21 and n.
7
Suppose -17*d - 703 = -22*d - 3*r, 3*r - 563 = -4*d. Calculate the highest common divisor of d and 30.
10
Let t be 404/6 - (13 + -9)/12. What is the highest common divisor of 1608 and t?
67
Let p = 24 + -9. Suppose 0 = 2*o - 2*c + 12 - 0, -3*o = -2*c + p. Let k = o - -60. Calculate the greatest common factor of 19 and k.
19
Suppose 0 = -q - o + 77, 5*o = -4*q + 34 + 274. Calculate the greatest common divisor of q and 14.
7
Let j be 35 - ((-1)/(-1) - 0). Suppose -5*y = 10, y = -2*n + n - 1. Let i be (153/12)/((n/(-4))/(-1)). What is the highest common divisor of j and i?
17
Let d be 3/4 + (-3)/((-36)/219). Calculate the greatest common factor of d and 209.
19
Let y(c) = c**2 + 7*c - 24. Let x be y(-10). Let r be ((-480)/(-18))/(2/x). Calculate the greatest common factor of 10 and r.
10
Let p be 20/15*-6 + 3. Let h(c) = c**2 + c - 5. Let z be h(p). Calculate the greatest common divisor of z and 6.
3
Let l = -74 + 549. What is the greatest common factor of l and 50?
25
Suppose -3*v + w = -2902, -10*v + 9*v = -4*w - 982. Calculate the highest common divisor of 14 and v.
14
Let p = 2030 + -1973. What is the highest common divisor of p and 741?
57
Suppose 6*k = -4*z + 44, 0*k + 4 = -4*k + 4*z. What is the highest common factor of k and 100?
4
Suppose -920 = 36*c - 44*c. Calculate the highest common divisor of 15 and c.
5
Suppose -8*o = -225 + 25. Calculate the greatest common divisor of 675 and o.
25
Let l = 10 - 6. Suppose -m + l*r + 11 = 2*r, 3*m - 38 = 5*r. Let q be -20 + 21 - (-1)/((-3)/(-564)). What is the greatest common factor of q and m?
21
Let x(g) = -g**2 + 28*g - 147. Let v be x(8). Calculate the greatest common factor of v and 767.
13
Let a(w) = -8*w**3 - w**2 - 2*w + 3. Let h be a(1). Let m(b) = -13*b - 13. Let v be m(h). Calculate the highest common divisor of v and 13.
13
Suppose -1 = 3*y + 2. Let a be (-5 + 3)/y - -230. Calculate the highest common divisor of 29 and a.
29
Let w(x) be the second derivative of x**3/3 + 5*x. Let o be w(1). Suppose o*r - 141 + 13 = 0. What is the highest common divisor of r and 8?
8
Suppose 6*n - 76 = 2*n. Let c = 138 - 135. Suppose 5*r = -c*q + 745, -6*r + 3*q = -2*r - 623. Calculate the greatest common factor of r and n.
19
Let o be (-13)/(-2) + 3/6. Let k = -2 - -4. Suppose -2*d - l = -15, 0 = -6*d + k*d + 5*l + 23. What is the greatest common factor of o and d?
7
Suppose 3*i + 227 = 4*r, 2*r + i - 154 = -r. Let s = r - 29. What is the highest common divisor of s and 6?
6
Suppose -3*o = -3*y + 8454, 4*y - 9*y + 14060 = o. What is the highest common divisor of y and 97?
97
Let j be 4/((-4)/(-10)*5). Suppose -13 = q - j*q. What is the highest common divisor of q and 52?
13
Let s(b) = b + 18. Let q be (0/(3 + -1))/(-3). Let i be s(q). What is the highest common factor of i and 12?
6
Let y(f) = f**2 + 19*f - 12. Let i be y(-22). Let s be (5/3)/(10/36). Calculate the greatest common divisor of s and i.
6
Suppose 0 = 4*y + 3*d + 22, y + d = -y - 10. Let n be (-40)/(-16)*y/(-5). Suppose -n*w + 17 + 35 = 0. Calculate the highest common factor of w and 52.
26
Let j = 405 - 255. Suppose -13*f = -16*f + j. Suppose s - 24 = -o, 3*o - 56 = s - 0*s. Calculate the greatest common factor of o and f.
10
Let p = -679 + 1173. Calculate the greatest common factor of 52 and p.
26
Let f be (39/6)/(99/18 - 5). Calculate the highest common divisor of 481 and f.
13
Let c = -3719 + 3779. Suppose 18 = 7*g - 4*g. Calculate the highest common factor of c and g.
6
Suppose -4*u + 95 = 5*i + 11, 5*u + 75 = 5*i. Let f be i/(-24)*(1 - -338). Let h be (-2)/3 - f/6. Calculate the greatest common divisor of h and 148.
37
Suppose 5*f = -3*w + 1038, 3*f = -4*w + 705 - 91. Calculate the highest common divisor of 42 and f.
42
Suppose 15 = 2*s - 17. Suppose -c - 22 = -h, 2*h = 6*h - c - 94. Suppose h = k - 0*k. Calculate the greatest common factor of s and k.
8
Suppose -u = 3*u - 4*x, -5*u + 18 = 4*x. Suppose -u*b = -8*b + 690. What is the highest common divisor of 23 and b?
23
Let b be (75/(-20))/(39/(-2548)). What is the greatest common divisor of b and 15?
5
Suppose 3*b - 30 = 6. Suppose 5*z = 4*q + 8, 8 = 3*q + 3*z - 13. Suppose -19 = -2*n - q. Calculate the greatest common factor of n and b.
4
Let o(c) = -c**2 + 11*c + 99. Let d be o(12). Calculate the highest common factor of d and 145.
29
Suppose 2*z + 64 = 2*h, -3*z - 92 = -3*h + z. Calculate the highest common divisor of h and 16.
4
Let u be (0 - 4/(-6))/(3/9). What is the greatest common factor of 26 and u?
2
Let n be 1/3 - 916/(-6). Calculate the highest common divisor of 102 and n.
51
Let r be -1 - (-852)/3 - (-16 + 12). Calculate the highest common divisor of 7 and r.
7
Suppose -2*z = -2*f + 2730, 97*f = 96*f + 3*z + 1359. What is the highest common factor of 216 and f?
72
Let u = 56 - 30. Suppose -u*z = -25*z - 14. Calculate the greatest common divisor of z and 98.
14
Suppose 3*i - 513 - 567 = 0. Suppose 3*f = -0*f + i. What is the greatest common factor of 48 and f?
24
Suppose -9 = -d + 9. Suppose -5*s + 57 = -d. Suppose -379*c - 35 = -386*c. Calculate the highest common factor of s and c.
5
Let d(g) = 13*g**2 - 32*g. Let f be d(5). Calculate the highest common divisor of f and 99.
33
Let g be (-180)/2 - (-4 - -2). Let b be (-2)/(-11) + (-776)/g. Calculate the greatest common divisor of b and 63.
9
Suppose -4*h + 46 - 118 = -2*f, -5*f + 5*h + 